{"id":8381,"date":"2020-11-20T18:14:14","date_gmt":"2020-11-20T23:14:14","guid":{"rendered":"https:\/\/www.pruebacoensa.geniografico.com\/product\/import-placeholder-for-3960\/"},"modified":"2020-11-20T18:14:19","modified_gmt":"2020-11-20T23:14:19","slug":"puertas-corredizas-de-aluminio","status":"publish","type":"product","link":"https:\/\/servilimag.com\/servicio\/product\/puertas-corredizas-de-aluminio\/","title":{"rendered":"Puertas Corredizas de Aluminio"},"content":{"rendered":"<p>Puertas y ventanas de aluminio con diferentes sistemas de cierre, pivotantes, practicables hacia el interior o exterior, gran variedad perfiles de aluminio a elegir seg\u00fan dimensiones de las ventanas o puertas, uso y acristalamiento a emplear tanto t\u00e9rmicos como ac\u00fasticos.<\/p>\n<ul>\n<li>Amplia oferta de perfiles a elegir.<\/li>\n<li>Amplia variedad de acristalamiento t\u00e9rmicos, ac\u00fasticos y de seguridad.<\/li>\n<li>Gran variedad de lacados y anodizados a elegir.<\/li>\n<li>Gran libertad en creaci\u00f3n de dise\u00f1os.<\/li>\n<li>Oferta variada de cerraduras de 1 \u00f3 3 puntos.<\/li>\n<li>Manetas y tiradores<\/li>\n<\/ul>\n","protected":false},"excerpt":{"rendered":"<p>Puertas y ventanas de aluminio con diferentes sistemas de cierre, pivotantes, practicables hacia el interior o exterior, gran variedad perfiles<\/p>\n","protected":false},"featured_media":8411,"comment_status":"open","ping_status":"closed","template":"","meta":{"_joinchat":[]},"product_cat":[1458,1457,1481,1456],"product_tag":[1482],"yoast_head":"<!-- This site is optimized with the Yoast SEO plugin v19.11 - https:\/\/yoast.com\/wordpress\/plugins\/seo\/ -->\n<title>Puertas Corredizas de Aluminio - SERVILIMAG<\/title>\n<meta name=\"robots\" content=\"index, follow, max-snippet:-1, max-image-preview:large, max-video-preview:-1\" \/>\n<link rel=\"canonical\" href=\"https:\/\/servilimag.com\/servicio\/product\/puertas-corredizas-de-aluminio\/\" \/>\n<meta property=\"og:locale\" content=\"es_ES\" \/>\n<meta property=\"og:type\" content=\"article\" \/>\n<meta property=\"og:title\" content=\"Puertas Corredizas de Aluminio - SERVILIMAG\" \/>\n<meta property=\"og:description\" content=\"Puertas y ventanas de aluminio con diferentes sistemas de cierre, pivotantes, practicables hacia el interior o exterior, gran variedad perfiles\" \/>\n<meta property=\"og:url\" content=\"https:\/\/servilimag.com\/servicio\/product\/puertas-corredizas-de-aluminio\/\" \/>\n<meta property=\"og:site_name\" content=\"SERVILIMAG\" \/>\n<meta property=\"article:modified_time\" content=\"2020-11-20T23:14:19+00:00\" \/>\n<meta property=\"og:image\" content=\"https:\/\/servilimag.com\/servicio\/wp-content\/uploads\/2020\/11\/1.-PUERTAS-CORREDIZAS-DE-ALUMINIO.jpg\" \/>\n\t<meta property=\"og:image:width\" content=\"500\" \/>\n\t<meta property=\"og:image:height\" content=\"500\" \/>\n\t<meta property=\"og:image:type\" content=\"image\/jpeg\" \/>\n<meta name=\"twitter:card\" content=\"summary_large_image\" \/>\n<script type=\"application\/ld+json\" class=\"yoast-schema-graph\">{\"@context\":\"https:\/\/schema.org\",\"@graph\":[{\"@type\":\"WebPage\",\"@id\":\"https:\/\/servilimag.com\/servicio\/product\/puertas-corredizas-de-aluminio\/\",\"url\":\"https:\/\/servilimag.com\/servicio\/product\/puertas-corredizas-de-aluminio\/\",\"name\":\"Puertas Corredizas de Aluminio - SERVILIMAG\",\"isPartOf\":{\"@id\":\"https:\/\/servilimag.com\/servicio\/#website\"},\"datePublished\":\"2020-11-20T23:14:14+00:00\",\"dateModified\":\"2020-11-20T23:14:19+00:00\",\"breadcrumb\":{\"@id\":\"https:\/\/servilimag.com\/servicio\/product\/puertas-corredizas-de-aluminio\/#breadcrumb\"},\"inLanguage\":\"es\",\"potentialAction\":[{\"@type\":\"ReadAction\",\"target\":[\"https:\/\/servilimag.com\/servicio\/product\/puertas-corredizas-de-aluminio\/\"]}]},{\"@type\":\"BreadcrumbList\",\"@id\":\"https:\/\/servilimag.com\/servicio\/product\/puertas-corredizas-de-aluminio\/#breadcrumb\",\"itemListElement\":[{\"@type\":\"ListItem\",\"position\":1,\"name\":\"Portada\",\"item\":\"https:\/\/servilimag.com\/servicio\/\"},{\"@type\":\"ListItem\",\"position\":2,\"name\":\"Shop\",\"item\":\"https:\/\/servilimag.com\/servicio\/shop\/\"},{\"@type\":\"ListItem\",\"position\":3,\"name\":\"Puertas Corredizas de Aluminio\"}]},{\"@type\":\"WebSite\",\"@id\":\"https:\/\/servilimag.com\/servicio\/#website\",\"url\":\"https:\/\/servilimag.com\/servicio\/\",\"name\":\"SERVILIMAG\",\"description\":\"Suministros y Servicios Integrales\",\"potentialAction\":[{\"@type\":\"SearchAction\",\"target\":{\"@type\":\"EntryPoint\",\"urlTemplate\":\"https:\/\/servilimag.com\/servicio\/?s={search_term_string}\"},\"query-input\":\"required name=search_term_string\"}],\"inLanguage\":\"es\"}]}<\/script>\n<!-- \/ Yoast SEO plugin. -->","yoast_head_json":{"title":"Puertas Corredizas de Aluminio - SERVILIMAG","robots":{"index":"index","follow":"follow","max-snippet":"max-snippet:-1","max-image-preview":"max-image-preview:large","max-video-preview":"max-video-preview:-1"},"canonical":"https:\/\/servilimag.com\/servicio\/product\/puertas-corredizas-de-aluminio\/","og_locale":"es_ES","og_type":"article","og_title":"Puertas Corredizas de Aluminio - SERVILIMAG","og_description":"Puertas y ventanas de aluminio con diferentes sistemas de cierre, pivotantes, practicables hacia el interior o exterior, gran variedad perfiles","og_url":"https:\/\/servilimag.com\/servicio\/product\/puertas-corredizas-de-aluminio\/","og_site_name":"SERVILIMAG","article_modified_time":"2020-11-20T23:14:19+00:00","og_image":[{"width":500,"height":500,"url":"https:\/\/servilimag.com\/servicio\/wp-content\/uploads\/2020\/11\/1.-PUERTAS-CORREDIZAS-DE-ALUMINIO.jpg","type":"image\/jpeg"}],"twitter_card":"summary_large_image","schema":{"@context":"https:\/\/schema.org","@graph":[{"@type":"WebPage","@id":"https:\/\/servilimag.com\/servicio\/product\/puertas-corredizas-de-aluminio\/","url":"https:\/\/servilimag.com\/servicio\/product\/puertas-corredizas-de-aluminio\/","name":"Puertas Corredizas de Aluminio - SERVILIMAG","isPartOf":{"@id":"https:\/\/servilimag.com\/servicio\/#website"},"datePublished":"2020-11-20T23:14:14+00:00","dateModified":"2020-11-20T23:14:19+00:00","breadcrumb":{"@id":"https:\/\/servilimag.com\/servicio\/product\/puertas-corredizas-de-aluminio\/#breadcrumb"},"inLanguage":"es","potentialAction":[{"@type":"ReadAction","target":["https:\/\/servilimag.com\/servicio\/product\/puertas-corredizas-de-aluminio\/"]}]},{"@type":"BreadcrumbList","@id":"https:\/\/servilimag.com\/servicio\/product\/puertas-corredizas-de-aluminio\/#breadcrumb","itemListElement":[{"@type":"ListItem","position":1,"name":"Portada","item":"https:\/\/servilimag.com\/servicio\/"},{"@type":"ListItem","position":2,"name":"Shop","item":"https:\/\/servilimag.com\/servicio\/shop\/"},{"@type":"ListItem","position":3,"name":"Puertas Corredizas de Aluminio"}]},{"@type":"WebSite","@id":"https:\/\/servilimag.com\/servicio\/#website","url":"https:\/\/servilimag.com\/servicio\/","name":"SERVILIMAG","description":"Suministros y Servicios Integrales","potentialAction":[{"@type":"SearchAction","target":{"@type":"EntryPoint","urlTemplate":"https:\/\/servilimag.com\/servicio\/?s={search_term_string}"},"query-input":"required name=search_term_string"}],"inLanguage":"es"}]}},"_links":{"self":[{"href":"https:\/\/servilimag.com\/servicio\/wp-json\/wp\/v2\/product\/8381"}],"collection":[{"href":"https:\/\/servilimag.com\/servicio\/wp-json\/wp\/v2\/product"}],"about":[{"href":"https:\/\/servilimag.com\/servicio\/wp-json\/wp\/v2\/types\/product"}],"replies":[{"embeddable":true,"href":"https:\/\/servilimag.com\/servicio\/wp-json\/wp\/v2\/comments?post=8381"}],"wp:featuredmedia":[{"embeddable":true,"href":"https:\/\/servilimag.com\/servicio\/wp-json\/wp\/v2\/media\/8411"}],"wp:attachment":[{"href":"https:\/\/servilimag.com\/servicio\/wp-json\/wp\/v2\/media?parent=8381"}],"wp:term":[{"taxonomy":"product_cat","embeddable":true,"href":"https:\/\/servilimag.com\/servicio\/wp-json\/wp\/v2\/product_cat?post=8381"},{"taxonomy":"product_tag","embeddable":true,"href":"https:\/\/servilimag.com\/servicio\/wp-json\/wp\/v2\/product_tag?post=8381"}],"curies":[{"name":"wp","href":"https:\/\/api.w.org\/{rel}","templated":true}]}}